67 a composite number?
True
Is 31765 a prime number?
False
Is 115567 composite?
True
Is 258949 composite?
False
Is 15721 a composite number?
True
Is 2087851 a composite number?
True
Is 349097 prime?
False
Is 167959 composite?
True
Is 15191 a composite number?
True
Is 6761 prime?
True
Is 27271 a prime number?
True
Is 233 prime?
True
Is 149411 a prime number?
True
Is 51893 a prime number?
True
Is 860339 a prime number?
False
Is 2435149 a composite number?
False
Is 39469 a composite number?
True
Is 21967 composite?
True
Is 17558 a prime number?
False
Is 608269 a prime number?
True
Is 57029 a composite number?
True
Is 577673 a prime number?
False
Is 451445 prime?
False
Is 556289 a composite number?
False
Is 1398197 a composite number?
False
Is 164383 prime?
False
Is 218441 prime?
False
Is 2777 composite?
False
Is 341617 a composite number?
False
Is 1066721 a prime number?
True
Is 504253 a composite number?
True
Is 13861 a prime number?
False
Is 283587 prime?
False
Is 43391 composite?
False
Is 169714 a composite number?
True
Is 1018489 composite?
False
Is 37277 a composite number?
False
Is 17089 prime?
False
Is 45597 composite?
True
Is 21451 a prime number?
False
Is 1381 a prime number?
True
Is 753 a composite number?
True
Is 149 composite?
False
Is 243923 a prime number?
False
Is 38371 a composite number?
False
Is 427173 prime?
False
Is 123863 prime?
True
Is 1452041 prime?
False
Is 130777 composite?
True
Is 120019 a prime number?
False
Is 94753 prime?
False
Is 5317 a prime number?
False
Is 37459 a composite number?
True
Is 35023 composite?
False
Is 48931 composite?
True
Is 753989 composite?
True
Is 287117 composite?
False
Is 29473 prime?
True
Is 1201 prime?
True
Is 24031 a prime number?
False
Is 1137629 a composite number?
False
Is 727133 prime?
False
Is 6839 prime?
False
Is 613 a composite number?
False
Is 7509 prime?
False
Is 6421 prime?
True
Is 472795 prime?
False
Is 165437 composite?
False
Is 2066173 a prime number?
True
Is 185213 prime?
False
Is 15727 a composite number?
False
Is 53473 a composite number?
True
Is 164797 composite?
True
Is 625227 a prime number?
False
Is 559601 composite?
True
Is 3571 composite?
False
Is 46579 prime?
False
Is 5933427 a composite number?
True
Is 31469 a composite number?
False
Is 3683 prime?
False
Is 6157 a composite number?
True
Is 5200103 composite?
False
Is 19181 prime?
True
Is 273607 prime?
False
Is 32647 a composite number?
False
Is 9799 composite?
True
Is 211987 a prime number?
False
Is 178681 composite?
False
Is 71846 a composite number?
True
Is 87019 a composite number?
True
Is 176758 a prime number?
False
Is 78823 prime?
True
Is 247615 prime?
False
Is 19407 prime?
False
Is 41719 composite?
False
Is 395429 a composite number?
False
Is 372787 composite?
True
Is 6245 composite?
True
Is 10007 prime?
True
Is 65921 a prime number?
True
Is 3907 composite?
False
Is 152183 composite?
False
Is 22987 a composite number?
True
Is 12421 a composite number?
False
Is 17723 a prime number?
False
Is 343517 a prime number?
True
Is 587813 composite?
False
Is 13745 composite?
True
Is 188389 composite?
False
Is 230739 composite?
True
Is 12289 prime?
True
Is 197539 prime?
True
Is 1066553 a prime number?
True
Is 307 prime?
True
Is 10493 composite?
True
Is 15287 a prime number?
True
Is 145307 a prime number?
True
Is 2224013 a prime number?
False
Is 212399 composite?
True
Is 76078 prime?
False
Is 577945 a composite number?
True
Is 203459 a composite number?
False
Is 35147 a composite number?
True
Is 12743 a prime number?
True
Is 4413 composite?
True
Is 49597 a prime number?
True
Is 21551 a composite number?
True
Is 27562 prime?
False
Is 8781 prime?
False
Is 104417 a prime number?
True
Is 542 a prime number?
False
Is 1399 a composite number?
False
Is 5033 a prime number?
False
Is 7839709 composite?
False
Is 3349 a prime number?
False
Is 35726 prime?
False
Is 81401 prime?
True
Is 63199 prime?
True
Is 162511 a composite number?
True
Is 5471 a prime number?
True
Is 1801999 a prime number?
False
Is 1471 composite?
False
Is 98837 a prime number?
True
Is 371561 composite?
False
Is 4609 a composite number?
True
Is 824413 prime?
True
Is 284029 composite?
True
Is 376501 prime?
True
Is 4249 a composite number?
True
Is 2521 a composite number?
False
Is 15013 a prime number?
True
Is 23459 prime?
True
Is 1118453 a composite number?
True
Is 139807 a prime number?
False
Is 1292353 a prime number?
True
Is 36947 prime?
True
Is 10279 a prime number?
False
Is 21247 prime?
True
Is 1031 prime?
True
Is 1087 a prime number?
True
Is 169258 a prime number?
False
Is 35579 composite?
True
Is 27017 composite?
False
Is 49094 composite?
True
Is 247117 a composite number?
True
Is 2825639 a prime number?
True
Is 252481 prime?
True
Is 20365 a composite number?
True
Is 21269 composite?
False
Is 54401 a prime number?
True
Is 425611 composite?
True
Is 13577 a composite number?
False
Is 5677 prime?
False
Is 63937 a prime number?
False
Is 446973 a composite number?
True
Is 2893 composite?
True
Is 189881 composite?
False
Is 28445 a composite number?
True
Is 567079 prime?
False
Is 26557 composite?
False
Is 5333 prime?
True
Is 112709 a prime number?
False
Is 42623 composite?
True
Is 2051 composite?
True
Is 53777 composite?
False
Is 54433 a prime number?
False
Is 9169 prime?
False
Is 733741 prime?
True
Is 128273 a composite number?
False
Is 281354 a composite number?
True
Is 3593 a composite number?
False
Is 47203 a prime number?
False
Is 2047 a composite number?
True
Is 15193 a composite number?
False
Is 206399 a composite number?
False
Is 4262611 composite?
False
Is 24263 composite?
True
Is 1052609 composite?
False
Is 23461 a prime number?
False
Is 1907 composite?
False
Is 1537751 prime?
True
Is 2158679 prime?
True
Is 49615 composite?
True
Is 1587271 prime?
False
Is 10133 a composite number?
False
Is 42791 a prime number?
False
Is 52259 a prime number?
True
Is 2120957 a composite number?
False
Is 4867 a prime number?
False
Is 763009 prime?
False
Is 61879 a prime number?
True
Is 33481 a prime number?
False
Is 1543 prime?
True
Is 71039 a composite number?
False
Is 34823 prime?
False
Is 10823 a prime number?
False
Is 27983 composite?
False
Is 359339 a composite number?
True
Is 59941 a prime number?
False
Is 665869 a composite number?
True
Is 97771 a prime number?
True
Is 25079 a prime number?
False
Is 3106891 a prime number?
True
Is 2861 composite?
False
Is 2722 prime?
False
Is 43678 composite?
True
Is 10211 a composite number?
False
Is 5739 prime?
False
Is 20477 a composite number?
False
Is 38939 prime?
False
Is 61573 a composite number?
True
Is 25229 a prime number?
True
Is 14419 composite?
False
Is 15757 a prime number?
False
Is 3520537 prime?
True
Is 27731 prime?
False
Is 1727 a composite number?
True
Is 178357 a prime number?
False
Is 40967 composite?
True
Is 270091 a composite number?
True
Is 194981 prime?
True
Is 37579 prime?
True
Is 681419 a prime number?
True
Is 5077 prime?
True
Is 8161 a composite number?
False
Is 30389 a composite number?
False
Is 5989 prime?
False
Is 323363 composite?
True
Is 192307 a prime number?
True
Is 94883 a composite number?
True
Is 20135 a composite number?
True
Is 28297 a composite number?
False
Is 80071 composite?
False
Is 125485 prime?
False
Is 560887 composite?
False
Is 8039 composite?
False
Is 6613 a composite number?
True
Is 87103 a prime number?
True
Is 515047 a composite number?
True
Is 44483 a prime number?
True
Is 1830637 a composite number?
False
Is 91401 prime?
False
Is 415685 a composite number?
True
Is 1047 a composite number?
True
Is 185021 a prime number?
True
Is 415319 a composite number?
False
Is 6449 a composite number?
False
Is 44417 composite?
False
Is 1112467 a composite number?
False
Is 496079 a composite number?
False
Is 12247 a composite number?
True
Is 197303 a prime number?
False
Is 6406 a prime number?
False
Is 462131 composite?
False
Is 419 a prime number?
True
Is 16349 a composite number?
False
Is 116551 a composite number?
True
Is 957787 prime?
False
Is 8465 prime?
False
Is 576787 a prime number?
True
Is 24551 a prime number?
True
Is 5399 prime?
True
Is 253 composite?
True
Is 1043 a composite number?
True
Is 31963 a composite number?
False
Is 129793 composite?
False
Is 119653 a prime number?
True
Is